90. Let z = 344 + s. Is z a composite number?
False
Let x(h) = 3*h - 6. Suppose 5*s - 15 - 15 = 0. Let i be x(s). Is 1 - (0 + -2 - i) prime?
False
Suppose p = -g + 2*p + 2, -4*p - 32 = 4*g. Let q be 31 - (1 - 0)*g. Let t = q + 1. Is t prime?
False
Is (-347)/((20/(-25))/4) prime?
False
Let k(o) = -9*o - 8. Let x be -2*(-11)/2*-1. Let s be k(x). Suppose -s = -b - 3*t, -b - 174 = -3*b - 4*t. Is b a composite number?
False
Let r = -17 - -20. Let a(v) = 9*v**2 + v - 5. Is a(r) a composite number?
False
Suppose -4*p = x - 132 - 299, -6 = 2*p. Is x prime?
True
Let q be -1 - (-24 - -1 - -3). Suppose 0*t + q = t. Is t composite?
False
Suppose -3*o - 7 = -1, o = 3*x - 47. Is x a prime number?
False
Let w = -125 - -219. Is w prime?
False
Suppose 11 = 4*k - 5, 5*x = k + 66. Let p be (-637)/x + (-2)/(-4). Let y = -23 - p. Is y prime?
False
Let o = 237 + 94. Is o a composite number?
False
Let j(n) = 2*n - 1 - 37*n**3 - n + 100*n**3 - n**2. Is j(1) a prime number?
False
Let x(t) = t**2 + 6*t - 4. Let u = 1 + 15. Let c = 7 - u. Is x(c) a prime number?
True
Let c = 1744 - 849. Is c prime?
False
Suppose -8417 = -5*h - 2*a - 2030, -5*h + 6384 = -a. Is h composite?
False
Let n be (-3)/(-5) + (-84)/15. Let s be 632/3 + n/(-15). Suppose 0 = -2*v + s - 73. Is v a prime number?
False
Is -3*(4 - (-2485)/(-15)) a prime number?
False
Suppose 5*k = d + 10135, -5*d = -k + 2489 - 462. Is k prime?
True
Suppose p - 6 = -p. Let o(j) = -2 + 5 + p*j**2 - 1 - j. Is o(4) a prime number?
False
Let c(n) = n**3 + 5*n**2 - n - 2. Let g be c(-5). Is 88 - g*(0 + -1) composite?
True
Let h(r) = r**2 + 4*r + 6. Let w(n) = -n**3 - 7*n**2 + 2*n + 9. Let d be w(-7). Is h(d) a prime number?
True
Let b(i) = i - 1. Let s(y) = 32*y - 5. Let q(u) = -4*b(u) + s(u). Let m be q(1). Suppose 0*g = -3*g + m. Is g a composite number?
True
Suppose 20*j + 1659 = 23*j. Is j a composite number?
True
Let j be (-3)/3*1 - -5. Is (-56)/j*(-5)/2 prime?
False
Let x(l) = l - 3. Let s be x(5). Suppose s*q - 1176 = 544. Suppose 2*b = -2*b + q. Is b prime?
False
Suppose -14 = -2*z - 4*w, 2*z - 16 = -2*z - 5*w. Is z/(4/(-1192)*2) a prime number?
True
Suppose -l - l = -2*r - 2, 25 = -5*l - r. Is (2 + -1)/(l/(-124)) composite?
False
Suppose -2*m - 3*c + 29 = 0, 5*c - 1 = 14. Is 30/(-6)*(-116)/m a composite number?
True
Suppose -5*i = -8*i + g + 296, -5*g = i - 72. Is i a composite number?
False
Suppose 562 = -5*n - 18. Let m be (-97)/2 + 1/(-2). Let h = m - n. Is h a composite number?
False
Let k be (-2 + 2 - 1)*179. Let l = k + 118. Let m = l + 96. Is m a composite number?
True
Is 5 + -6 - -1*296 prime?
False
Suppose 3*b = 2*b. Suppose -1645 = -b*q - 5*q. Is q a composite number?
True
Suppose 8*g = 2*l + 11*g - 2887, -5789 = -4*l - 3*g. Is l composite?
False
Suppose -25 = -5*r - 0. Suppose 5*l - r*u - 490 = -0*u, -4*l + 385 = 3*u. Is l a composite number?
False
Let k = -98 + 189. Let w = 0 + -2. Let v = w + k. Is v composite?
False
Suppose 0 = 4*a - 0*t + 3*t - 3616, -3*a - 5*t + 2701 = 0. Is a composite?
False
Suppose -2*n = -2*y - 10, 4*n + 4*y - 9 = 11. Suppose 0 = -n*d, -4*x + 188 = -7*d + 3*d. Is x a composite number?
False
Suppose -14 - 297 = -k. Is k a composite number?
False
Let s(a) = 18*a - 1. Suppose 3*d - 23 = -8. Is s(d) composite?
False
Let r be 268/6*(-6)/2. Let b be 38/10 - (-3)/15. Is 2/4 - r/b a prime number?
False
Suppose 3*p = -13 - 14. Let j = -5 - p. Suppose 0 = -c - j*c + 470. Is c prime?
False
Let v(c) be the third derivative of -c**4/24 + 17*c**3/2 + 6*c**2. Is v(0) a prime number?
False
Let c(x) = -771*x**3 + 2*x + 1. Let i be c(-1). Let w = i - 351. Is w prime?
True
Suppose 0*c + 8 = 2*c. Suppose c*x - 3*x + 1 = 0. Is (1 - x)/(2/35) composite?
True
Let b = -1541 + 2170. Is b prime?
False
Let f = -29 - 18. Let x = 84 + f. Is x a prime number?
True
Suppose -m = -5*y - 201, 3*y - 3*m = -y - 152. Let n = y + 74. Is n a prime number?
False
Let d = -54 + 116. Is d a composite number?
True
Let s(j) = -j - 1. Let a be s(1). Let g be (0 + a/(-8))*-4. Is g/(2 - 3) - -13 prime?
False
Suppose -4*l = 0, 0 = -w + 4*l - l + 306. Suppose 2*k - 800 = w. Is k prime?
False
Let i = -245 + 538. Is i composite?
False
Let x be 34/8 - (-1)/(-4). Is (x/(-3))/((-12)/18) a composite number?
False
Let t(x) = -x**3 - x**2 + 2333. Is t(0) a prime number?
True
Suppose 0 = o + 5*n - 0*n + 45, n = 5*o + 95. Let k = o - -59. Is k composite?
True
Let f(q) = 9*q**3 - 7*q**2 - 15*q - 8. Is f(7) a prime number?
False
Suppose -5*v - 233 = 272. Let j = 188 + v. Is j composite?
True
Suppose -2*s - 3*s = -5*m + 1245, -4*m = -5*s - 994. Is m composite?
False
Suppose -3*c + 4*k = 58, -2*c - 2*c - 44 = 3*k. Let v = 20 + c. Suppose v = -4*h + 5*h. Is h a composite number?
True
Let u be 2/6*(127 - -2). Suppose 0 = -c + 4*p + u, 1 = 3*p + 13. Let q = c + -13. Is q composite?
True
Suppose -780 = -6*g + 2112. Is g prime?
False
Let b(j) = 4*j + j**3 - j**2 - 4*j. Let o be b(-3). Let s = o - -71. Is s a prime number?
False
Let j(f) = -f**3 - f**2 + 2*f + 1. Let k be j(2). Let t(c) = c**3 + c**2 - 4*c - 3. Let d be t(-2). Is k*d*(0 + -1) a prime number?
True
Let y = -343 + 526. Let r = y - 95. Is r/10 - (-2)/10 a prime number?
False
Suppose 0*b = b - 6. Suppose 4*g = -18 + b. Is ((-170)/(-8) - g)*4 a composite number?
False
Is ((-20)/(-5) - 4) + 409 a composite number?
False
Let p(j) = j**3 + 9*j**2 - 2*j + 8. Let n be p(-7). Suppose -1449 = -3*h - n. Is h composite?
False
Suppose -f - f = 3*j - 629, -3*f + 2*j = -911. Is f a prime number?
True
Suppose 2*f + 3*f + 25 = 0. Let t = 112 + -205. Is (-2)/f + t/(-5) a composite number?
False
Let k = -113 - -234. Is k a composite number?
True
Let r(b) = 57*b**3 - 3*b**2 + 4*b - 3. Is r(2) prime?
True
Let p(h) = -26*h + 1. Suppose -4*s + s + 1 = -2*f, 3*f = 4*s. Suppose -4*c - 8 = 0, 5*d = -f*c - 12 - 6. Is p(d) a prime number?
True
Suppose -w = 3*i - 0*i - 4757, -2*i = 3*w - 14257. Is w composite?
False
Let k(u) = 1 - 2*u + 4*u + 40*u**2 - 4*u. Is k(2) a prime number?
True
Suppose 2*a + a - 24177 = 0. Is a a prime number?
True
Is 883 - ((-4)/2 + -2) composite?
False
Let b(r) = r**2 - 10*r + 14. Let k(f) = f**2 - 10*f + 13. Let m(o) = 5*b(o) - 6*k(o). Let y be m(6). Is (-4)/y + 53/4 a prime number?
True
Suppose -4*d + 2360 = -1124. Is d a prime number?
False
Let p(o) = 5*o + 12. Suppose -4*x - 8 = 24. Let r be p(x). Let a = 51 + r. Is a composite?
False
Suppose 4*j - 356 = 344. Suppose -4*w = -3*t + j, 0*t + w = -t + 49. Is t prime?
True
Suppose f + 354 = -2*f. Let d = -7 - f. Suppose -x - 6*l + l = -13, -2*l = 5*x - d. Is x a prime number?
True
Suppose u - 581 = 153. Is u a composite number?
True
Let n be 0/(-1*(-4 + 7)). Let q(f) = f**2 - f + 233. Is q(n) a composite number?
False
Is (-471)/(-9)*(-2 + 17) a composite number?
True
Suppose 2*l + 12 = 38. Is l a prime number?
True
Let k(w) be the third derivative of -7*w**4/6 - 13*w**3/6 - 10*w**2. Is k(-5) composite?
False
Suppose 0 = -l - 0*l - 5, 0 = 2*p + 4*l + 12. Suppose -p*r = 3*v - 641, -5*v + 5*r + 623 = -2*v. Is v prime?
True
Suppose -1160 = -y - y. Suppose -3*h + y = h. Is h prime?
False
Is 5793/(-2)*18/(-27) a composite number?
False
Let o = 6 + -4. Suppose -m - 97 = -6*m - k, -43 = -o*m + k. Suppose 0 = 3*s - s - m. Is s a prime number?
False
Let s be 20/(-4)*(-4)/(-5). Let m = 0 - s. Suppose m*p - 63 = 41. Is p prime?
False
Suppose -5*h = 4*r + r - 7000, r - 6996 = -5*h. Is h a composite number?
False
Suppose 1 = -4*r + 13. Let l(f) = -3*f**3 + f**2 - f - 4. Let h(s) = -4*s**3 + 2*s**2 - 2*s - 4. Let q(u) = 2*h(u) - 3*l(u). Is q(r) composite?
False
Suppose -2*d - 6 = 0, 5*d - d = 4*j - 36. Suppose 5*m - 2 = z, 3*z - 4*m - 6 = -1. Suppose z*c - 5*b = j*c - 59, 3*b + 52 = 2*c. Is c a composite number?
False
Let u(p) = 5*p + 1 + p**3 + 0 - 7*p**2 + p**3 - 4. Is u(5) composite?
False
Let k(x) = 24*x**2 - 2*x - 3. Let c be (4/3)/((-8)/12). Is k(c) a composite number?
False
Suppose -3*v = -0 - 78. Let s = v + 116. Let d = -15 + s. Is d a prime number?
True
Suppose -9*l - 2*l + 53251 = 0. Is l a composite number?
True
Let h = 5 - -50. Suppose 6*l - h = l. Is l prime?
True
Suppose -j - 4 = j, 2*y + 3*j = 2396. Is y prime?
True
Let d(l) = 15*l**2 - 2*l + 3. Is d(2) a composite number?
False
Let z(a) = a**3 + 10*a**2 - a - 8. Let k be z(-10). S